mon factor of 56 and 8597176.
56
What is the highest common factor of 112756020 and 12210?
1110
Calculate the highest common divisor of 13663 and 1892813.
13
What is the greatest common factor of 300 and 48824430?
30
Calculate the highest common factor of 507324 and 1051364.
268
Calculate the highest common factor of 20820 and 6388270.
3470
What is the highest common divisor of 14 and 25999288?
14
What is the highest common divisor of 274 and 113666?
2
What is the greatest common factor of 19685660 and 850?
170
Calculate the greatest common divisor of 74471166 and 330.
66
What is the highest common factor of 567698 and 487458?
2006
What is the highest common divisor of 31 and 48189035?
31
Calculate the greatest common factor of 486557362 and 22808.
5702
Calculate the highest common divisor of 551182032 and 42672.
6096
Calculate the greatest common factor of 7821 and 4497312.
237
What is the greatest common factor of 2016 and 17701344?
288
Calculate the greatest common divisor of 7 and 145362350.
7
What is the greatest common divisor of 15639734 and 3146?
242
What is the greatest common factor of 13202 and 22281756?
322
Calculate the greatest common divisor of 3578161 and 1985.
397
Calculate the highest common divisor of 217 and 38363647.
217
What is the highest common factor of 96 and 526501408?
32
Calculate the highest common factor of 61642 and 20802362.
3626
What is the greatest common divisor of 8399 and 53206?
37
Calculate the greatest common factor of 2855448 and 1992.
24
What is the greatest common factor of 330 and 297132?
66
Calculate the highest common divisor of 540321 and 2573817.
1389
What is the greatest common divisor of 2280417 and 1563?
1563
What is the highest common factor of 693 and 42732767?
77
Calculate the highest common divisor of 6925 and 143850.
25
What is the highest common factor of 4884311 and 95?
19
Calculate the highest common divisor of 6010 and 1546373.
601
What is the greatest common divisor of 64987993 and 9542?
367
What is the greatest common divisor of 12912 and 1072335144?
6456
What is the highest common divisor of 198093413 and 122?
61
Calculate the highest common factor of 65 and 3661099.
13
Calculate the greatest common factor of 360 and 465813504.
72
What is the highest common divisor of 94010630 and 10?
10
What is the highest common factor of 3671 and 34878171?
3671
What is the greatest common divisor of 4515 and 25637675?
1505
What is the highest common factor of 1784145 and 105?
15
What is the highest common factor of 2861172 and 1938?
114
Calculate the highest common divisor of 180207 and 117.
9
What is the highest common divisor of 612113720 and 1840?
920
What is the greatest common factor of 81829 and 561451?
473
What is the highest common factor of 366 and 30127158?
6
Calculate the highest common divisor of 8376 and 26472.
24
Calculate the highest common factor of 784 and 12849200.
112
What is the highest common factor of 4005000 and 125?
125
What is the greatest common divisor of 81375 and 18904823?
217
What is the highest common factor of 1 and 3048833?
1
Calculate the highest common factor of 10 and 1757100.
10
Calculate the greatest common divisor of 126 and 65271.
3
Calculate the highest common divisor of 6781160 and 1880.
1880
What is the greatest common factor of 22701910 and 5?
5
Calculate the highest common divisor of 57850656 and 32.
32
What is the highest common factor of 377478203 and 393?
131
What is the highest common divisor of 122336 and 1568?
32
Calculate the highest common divisor of 1326 and 79703208.
1326
What is the greatest common divisor of 1042823 and 27163?
1181
Calculate the highest common divisor of 1732913 and 57824.
1807
What is the highest common factor of 11466 and 497784?
42
What is the greatest common divisor of 594504 and 10626?
138
What is the greatest common divisor of 34602 and 3554763?
237
What is the highest common divisor of 88826463 and 513?
513
Calculate the highest common divisor of 3093897 and 6.
3
What is the greatest common factor of 784 and 153996661?
49
What is the highest common factor of 1320 and 553039212?
132
What is the greatest common factor of 22 and 73316309?
11
Calculate the highest common factor of 2382 and 1067365466.
794
Calculate the highest common divisor of 96007 and 318991.
3097
What is the highest common divisor of 48 and 59545329?
3
Calculate the greatest common divisor of 57755856 and 9024.
2256
Calculate the highest common factor of 897 and 240603.
69
What is the highest common divisor of 572 and 1721744882?
286
What is the greatest common factor of 198642936 and 24?
24
Calculate the greatest common divisor of 1248 and 830427.
39
What is the greatest common factor of 435216 and 229968?
48
What is the highest common divisor of 16151 and 3875000?
31
What is the greatest common factor of 4629800 and 860?
20
Calculate the highest common factor of 25254747 and 14.
7
What is the highest common factor of 7743897 and 378?
189
What is the highest common factor of 643929460 and 20?
20
Calculate the greatest common factor of 4299742 and 153.
17
What is the highest common divisor of 7217330 and 40?
10
What is the highest common factor of 467854718 and 107?
107
Calculate the highest common divisor of 500 and 2192210.
10
What is the highest common factor of 44110425 and 1402?
701
What is the highest common divisor of 46526 and 338666?
1082
What is the highest common divisor of 180117656 and 183624?
8744
Calculate the greatest common divisor of 50470 and 222950.
490
What is the greatest common divisor of 136576 and 6589?
11
Calculate the greatest common factor of 69595188 and 156.
156
Calculate the greatest common divisor of 7486438 and 1116.
62
Calculate the greatest common factor of 24312645 and 43845.
1185
What is the highest common divisor of 51 and 120930180?
51
What is the greatest common factor of 819 and 2161029?
39
What is the highest common factor of 3351711 and 188?
47
What is the greatest common divisor of 4529962 and 831006?
2798
What is the highest common factor of 69 and 41699989?
23
What is the greatest common factor of 1515027550 and 5?
5
Calculate the greatest common divisor of 14940032 and 384.
128
Calculate the greatest common divisor of 10131 and 643599.
33
Calculate the greatest common divisor of 84688 and 5896.
536
What is the greatest common factor of 34376580 and 120?
60
What is the highest common divisor of 4009 and 671821?
19
Calculate the greatest common factor of 348 and 7757268.
348
Calculate the highest common divisor of 1740 and 1332200.
20
What is the greatest common divisor of 7425 and 214995?
165
Calculate the highest common divisor of 7009 and 814837.
163
Calculate the highest common divisor of 244 and 38668022.
122
Calculate the highest common factor of 710945 and 25.
5
What is the highest common factor of 461535 and 104835?
435
What is the highest common divisor of 1093330 and 180?
10
Calculate the greatest common divisor of 15147756 and 9828.
1404
What is the highest common factor of 158480 and 7410355?
1415
What is the highest common divisor of 112402815 and 1785?
105
Calculate the highest common divisor of 44 and 54350626.
22
What is the greatest common divisor of 383527813 and 309?
103
Calculate the highest common factor of 91458 and 99.
9
What is the highest common divisor of 20329132 and 4?
4
What is the greatest common factor of 50086 and 1770074?
158
What is the greatest common divisor of 416835 and 1245?
15
What is the greatest common factor of 26412746 and 6?
2
What is the highest common factor of 15 and 14312505?
15
Calculate the highest common factor of 1425 and 415644.
57
Calculate the greatest common divisor of 278294015 and 3790.
1895
Calculate the highest common divisor of 85857862 and 118.
118
Calculate the highest common factor of 4795 and 84720115.
685
What is the greatest common factor of 151215372 and 154?
154
What is the greatest common factor of 176 and 32233762?
22
Calculate the highest common divisor of 6489 and 2904291.
927
Calculate the greatest common divisor of 192960 and 741952.
64
What is the highest common divisor of 17268375 and 3375?
375
What is the highest common factor of 43142 and 248888?
106
Calculate the highest common divisor of 2210 and 2945540.
130
What is the